Let h = o - -541. What is the highest common factor of 22 and h?
22
Let b be (-19)/(57/90)*(-2)/2. Suppose -b*d + 36 = -29*d. Let l = d - 24. Calculate the highest common factor of l and 96.
12
Let u(q) = 2219*q - 5103. Let f be u(3). What is the greatest common divisor of 370 and f?
74
Let g(h) = h**2 - 2*h + 6. Let u be ((-48)/18)/((-4)/(-6)). Let w be g(u). What is the greatest common divisor of w and 15?
15
Let n be 20/12*2*(-108)/(-10). What is the highest common divisor of n and 60?
12
Let i = 13533 - 8060. What is the highest common factor of 52 and i?
13
Let s(j) = 5*j + 30. Let g be s(-6). Suppose 2*r + g = 4. Let w be 3/r*(-448)/(-24). What is the greatest common factor of 308 and w?
28
Suppose 6 = -4*u + 6*u. Let c be (51/u)/(-6 + 5). Let r be c + 167 - (-3 + -1). Calculate the greatest common divisor of 14 and r.
14
Suppose 17*n + 8370 = 92*n + 15*n. Calculate the highest common factor of n and 3.
3
Let b = 542 - 548. Let j be 428 + 40/(-15)*b/8. Calculate the greatest common factor of j and 86.
86
Suppose -45*j + 327*j = 31866. Calculate the highest common factor of j and 3503.
113
Let v = 213 - 213. Let c be (1 - v)*115/10*46. What is the highest common divisor of c and 23?
23
Let i be (-207)/18*(-19 - -1). Let y be ((2/(-3))/1)/(-15*(-64)/(-12960)). What is the greatest common divisor of i and y?
9
Suppose -18 = -z - 6. Let q = 777 + -774. Suppose 5*l + q*i = 276, i + 81 = -4*l + 299. Calculate the highest common factor of z and l.
6
Suppose -p - 60 = 3*c, -c = -4*c - 3*p - 66. Let j = -13 - c. Let f(b) = 3*b**2 - 64*b - 8144. Let x be f(64). What is the highest common factor of x and j?
6
Suppose -5*q + 93 = -3*x, -2*x - 5*q = -17 + 79. Let w be (-96 - -96) + 108/(3 + 0). Let c = x + w. What is the highest common factor of 50 and c?
5
Let w = 129 - 86. Let o be 3602/12 - 10/(-12). Calculate the highest common factor of o and w.
43
Suppose -138 = -j - 4*d, -4*d + 216 + 408 = 4*j. Calculate the highest common factor of j and 567.
81
Suppose 0 = 4*b + 8, 0 = -2*l + 6*b - 2*b + 140. Let p = 77204 + -77061. Calculate the greatest common divisor of p and l.
11
Suppose 0 = 229*f - 222*f - 31521. Calculate the greatest common factor of f and 114.
57
Let l be (-290)/58*(-1)/5. Let v be l - (26/13)/(-3 + 1). What is the greatest common factor of 22 and v?
2
Suppose -3*p + 3 = 0, 17*k = 18*k - 2*p - 2. Suppose 0 = 8*w - 13*w - 2*i + 80, i = -k*w + 67. Calculate the highest common divisor of w and 174.
6
Let q be 150 - ((-10 - 8) + 25). Suppose -d - 4*h = 23, 4*d - h - 4*h + 50 = 0. Let m = -2 - d. What is the highest common divisor of q and m?
13
Let p = 589 - 86. Let g = p - 343. What is the greatest common factor of g and 60?
20
Let n be 3*(7 + (-820)/(-15)). Suppose -4*q + 3*a - 44 + n = 0, 78 = 2*q - 4*a. What is the greatest common divisor of q and 627?
33
Suppose -2*q - 2093 = -9*q. Let d = -276 + q. Calculate the highest common factor of 161 and d.
23
Suppose 79 = 5*b + 3*y - 2*y, -3*y = -b + 3. Suppose 9 + 0 = 4*o + 5, 19*x + o - 970 = 0. Calculate the highest common factor of b and x.
3
Let h = -5201 + 5210. Calculate the highest common divisor of h and 1074.
3
Suppose -5 = 5*f, 5*z - 6 - 16 = 2*f. Let j(u) = 9*u**2 - 95*u - 40. Let o be j(11). What is the greatest common divisor of o and z?
4
Let j(t) = 2*t**2 - 8*t + 15. Let p be j(6). Suppose -p*w + 8 = -35*w. Suppose w*v - 51 = 77. Calculate the highest common divisor of 8 and v.
8
Let q(k) = 2*k - 49. Let u be q(14). Let t be (-8)/6*u*82/8. Let x(m) = 41*m**2. Let f be x(1). Calculate the highest common divisor of t and f.
41
Let a be 30/26 - 12/78 - 19. Let d = -11 - a. What is the highest common divisor of d and 7?
7
Suppose -5*m = 3*s - 238, -2*m + 104 - 187 = -s. What is the highest common factor of s and 873?
9
Suppose 1816181 = 189*t - 1568809. What is the highest common divisor of t and 90?
90
Suppose 2*r = -4*f - 6, 76*f - 75*f - 9 = 3*r. Suppose f = -21*v + 17*v + 288. What is the highest common divisor of v and 312?
24
Suppose -5*o - r = -716, -2*r - 584 = -0*o - 4*o. Let w be -3*(-44)/8 - (-15)/10. Suppose -2*m = w - 50. Calculate the highest common factor of m and o.
16
Let l = -14031 - -16667. What is the highest common factor of l and 12?
4
Suppose -250*g = -95*g - 727725. What is the greatest common factor of 45 and g?
15
Suppose 10*s - 305 = 4375. What is the greatest common factor of s and 9?
9
Let x = -2606 + 2608. Calculate the greatest common divisor of 118 and x.
2
Let j(v) = 2*v**2 - 18*v + 2. Let q be j(9). Let n be 2/q*(10 - 4). Suppose 3*t = 4*d + 35, -2*t + 2*d = -30 + n. What is the highest common factor of t and 65?
13
Suppose 181*z = 169*z + 312. What is the greatest common factor of z and 96?
2
Suppose 3*t - 3*n - 315 = -0*t, -3*n + 215 = 2*t. Suppose 33*h + 20 = 38*h, 701 = m + 3*h. What is the highest common factor of m and t?
53
Suppose -5*x + 522 = 16*o - 12*o, -2*x = -3*o - 195. Calculate the greatest common factor of 1054 and x.
34
Let b(y) = y - 17. Let p be b(33). Suppose 2 - 30 = -5*d - 2*k, -4*k - p = -2*d. What is the highest common divisor of d and 4?
2
Suppose 0 = -13*b + 14*b - 20. Let j be 22 - 5/20*b. What is the highest common factor of j and 119?
17
Suppose 2*i + 6*i = 1296. Let r be 16/(-88) - -34*i/44. Let h be 0 - 3 - (-26 + -4 - -2). Calculate the greatest common divisor of r and h.
25
Suppose 3*j - 2*j - 17 = -5*w, 2*w - 8 = -j. Let r be 30 - (12/w + -1). Suppose 5*z - r = 3. Calculate the highest common factor of 66 and z.
6
Let i = 332 + -274. Calculate the greatest common factor of i and 3103.
29
Let v(i) = -i + 21. Let j be v(-3). Let q = 46 - 38. Suppose -4*m - q = -j. Calculate the greatest common divisor of 44 and m.
4
Suppose -951*k + 45 = -948*k. Let f(h) = 2*h - 5*h - 4*h + 34 + h**2. Let r be f(k). What is the greatest common divisor of r and 14?
14
Let m(i) = -77*i - 103*i + 214*i. Let o be m(1). Suppose 5*t - 82 = -5*x + 3*x, 5*x - 2*t = 263. What is the highest common factor of x and o?
17
Suppose 0 = -5*v + 3*x + 790, 556*v + 145 = 557*v + 2*x. What is the highest common divisor of v and 6541?
31
Suppose 4951*c = 4949*c + 260. What is the highest common divisor of 10 and c?
10
Suppose n = 3*i + 27, 3*n - 8*n - 3*i + 117 = 0. Suppose -31*a = -35*a + n. Calculate the greatest common divisor of a and 366.
6
Let h be (155/(-124))/(15/(-288)). What is the highest common divisor of 328 and h?
8
Let z be 0 + -4 + 3 - -4. Suppose -2 + 11 = z*m. Suppose 0*f = -3*f - 2*w + 25, w - 35 = -4*f. Calculate the greatest common factor of m and f.
3
Let w = 23980 + -14605. What is the greatest common factor of w and 25?
25
Suppose -2*m = -33*m + 8184. Suppose -114*h + m = -103*h. Let g(o) = o**2. Let v be g(2). What is the highest common factor of h and v?
4
Let j be 28/(0 - -4) + -5. Suppose -5*a - 3*h + 14 + 44 = 0, -4*h = -j*a + 18. Calculate the greatest common factor of a and 121.
11
Suppose 0 = -13*i + 13867 + 6829. What is the greatest common divisor of i and 8?
8
Let c(n) = 34*n + 3. Let q be c(1). Suppose 5*z + 2*i = 3141, -5*z + 4*i + 1239 = -1914. Calculate the highest common factor of z and q.
37
Let u be (7 + -16 - -3 - 0) + 370. What is the highest common divisor of 624 and u?
52
Let l(p) = 5*p**2 - 2*p + 20. Let h be l(0). Suppose 68 = 6*n + h. Suppose -n*z + 440 = -3*z. What is the highest common factor of 8 and z?
8
Let a = 9028 - 8080. Calculate the highest common divisor of 192 and a.
12
Suppose 0*u = -3*u. Suppose u*c + 3 = -3*c. Let g = 18 - c. Calculate the greatest common divisor of 19 and g.
19
Suppose 24*t + 935 - 2776 - 1039 = 0. Calculate the highest common factor of 1240 and t.
40
Suppose -34 = -4*w - 10. Let b be (24/144*4)/((-2)/(-90)). What is the highest common factor of w and b?
6
Let g(w) = -w**3 + 7*w**2 - 8*w - 6. Let u be g(5). Let f be (47 + -32)/(10/u). Calculate the greatest common divisor of f and 150.
6
Let f be 4*((-286)/(-72) + 8/(-36)). Suppose -f*i + 251 = -19. Calculate the highest common divisor of i and 90.
18
Let w be (14/10)/(-29*16/(-71920)). Suppose 4*k - 5*q - 59 = -0*q, 4*k = -q + 65. Let g be ((-124)/k)/(1/(-4)). Calculate the greatest common factor of w and g.
31
Suppose 188*o - 24 = 185*o. Let v be (-6)/o*4 + 137. Calculate the highest common factor of 2 and v.
2
